t = 20 - 17. Let z(d) = 34*d - t - 30*d - 4. Give z(5).
13
Let x(v) = 8*v - 63. Let q(t) = 7*t**2 - 4*t - 6. Let m be q(-2). Suppose -o = 5*u - 38, 4*u - 1 = -o + m. Let z be x(u). Let l(f) = -2*f + 3. What is l(z)?
17
Suppose -20*u + 4*u = 0. Suppose u = 64*f - 65*f - 3. Let t(a) = a**2 + 5*a + 3. Calculate t(f).
-3
Let u(z) = -z**3 - z**2 + 4*z - 5. Let c be u(2). Let t(i) be the first derivative of -i**3/3 - 5*i**2 - 11*i + 3. What is t(c)?
-2
Let x(m) = 6*m + 6. Let d be x(0). Suppose -4*k + d = l - 5*k, -2*l = k. Let q be (l - 15/6)*4. Let u(f) = -f**2 + f + 1. What is u(q)?
-5
Let n = -14 + 314. Suppose 14*r - n = -r. Let g = 13 - r. Let d(x) = x - 7. Calculate d(g).
-14
Let s(x) = -2*x**3 - 16*x**2 + 53*x - 104. Let y be s(-11). Let n(g) = g**3 - 41*g**2 + 77*g + 41. What is n(y)?
2
Let l(s) = -s - 18. Let j(q) = -2*q**3 + 86*q**2 - 238*q - 86. Let b be j(40). Determine l(b).
-12
Let h(c) = -2*c**2 - 2*c + 3. Suppose -136 = -10*o + 54. Suppose -4*u + 2*z - z = -o, u + 3*z = 8. Let j(y) = -7*y + 37. Let w be j(u). Determine h(w).
-9
Suppose -2*g + 4 = -5*y, 1 = -3*g + 3*y + 7. Let t(h) = -6*h + 3. Let m(f) = f. Let b = -27 + 32. Let a(r) = b*m(r) + t(r). What is a(g)?
1
Let u(d) = -4*d**3 + 91*d**2 + 24*d - 6. Let f be u(23). Let w(y) = 4*y - 50. Give w(f).
18
Let p(m) = -m**3 + 7*m**2 - 2*m - 3. Suppose -l = d + 199, d + 4*l + 200 = 2*l. Let o = d + 205. Give p(o).
-17
Let m be 4/5*(-5)/(-2). Let c(t) = t - 5. Let v(w) = -5*w + 9. Let r(g) = 3*c(g) + 2*v(g). Calculate r(m).
-11
Let l(w) be the second derivative of -13*w**3/6 - 52*w**2 - w + 1886. What is l(-9)?
13
Let b(t) be the second derivative of t**5/10 + t**4/6 - t**3/2 - 9*t**2/2 - 5*t - 675. Determine b(-4).
-93
Let q(g) be the first derivative of 14*g**3/3 + 28*g**2 + 9*g + 8382. Calculate q(-4).
9
Let t(q) be the third derivative of q**4/2 - 131*q**3/2 + 306*q**2 - 2*q. Give t(33).
3
Let u(d) = -115*d - 2890. Let s be u(-25). Let l(i) = 2*i + 26. Determine l(s).
-4
Let g(v) = 13*v**2 + 15*v - 11. Let x(z) = 7*z**2 + 8*z - 6. Let f(j) = j + 18. Let s be f(8). Let i = s + -15. Let t(h) = i*x(h) - 6*g(h). What is t(-2)?
0
Let s = 587 - 288. Let r = s + -301. Let h(o) = o**2 - 3*o**2 + o**2 - 3*o + 2. Give h(r).
4
Let b(d) = d**3 - d**2 - 3*d - 3. Let q be (8/(-2))/((-18)/(-20) + 110/1100). Give b(q).
-71
Let o(t) = -t + 5. Suppose 887 = 245*u - 5*u - 793. Determine o(u).
-2
Let i = 6775 - 6772. Let c(b) = b**3 + 0*b**3 + 0*b**2 - 3*b**2. Give c(i).
0
Let n(o) be the first derivative of o**3/3 - 13*o**2/2 - 47*o + 7. Let u be n(16). Let b(q) = 5*q + 6. Let g(s) = -1. Let j(k) = b(k) + 6*g(k). Determine j(u).
5
Let q be 0/3 - 115/(-23). Let j(g) = -2*g - 31. Let d(f) = 3*f + 46. Let b(s) = s + 3. Let w be b(4). Let t(k) = q*d(k) + w*j(k). Give t(-6).
7
Suppose h = 3*s - 2 - 5, 10 = 2*h. Let n(r) = 7*r**2 + 2*r + 9. Let l = 231 - 237. Let u(q) = q**2 + q + 1. Let i(t) = l*u(t) + n(t). What is i(s)?
3
Let i(o) = -o**2 + 10*o + 161. Let z be i(-9). Let c(l) = -l**3 - 9*l**2 + 10*l - 11. Determine c(z).
-11
Let f(g) be the third derivative of 0 - 1/3*g**3 + 1/120*g**6 + 0*g + 1/3*g**4 - 2/15*g**5 + 36*g**2. What is f(7)?
5
Let k(f) be the third derivative of f**5/12 + f**4/12 - f**3/3 - 2*f**2 - 66*f. Let c = 13 + -24. Let d = 9 + c. Determine k(d).
14
Let r(a) be the third derivative of a**5/60 - a**4/24 + 3*a**3/2 - 26*a**2. Suppose 1 = -4*y - 3*x - 0, 5*y + 4*x = -1. Let j be (0*1/(-5))/y. Calculate r(j).
9
Let x(u) = 2*u**2 - 2*u - 1. Suppose 6*w + 4 = 16. Suppose -12 - 13 = 5*o, -4*o = w*k + 22. Calculate x(k).
3
Let t(a) = -a**3 - 9*a**2 - 3*a - 28. Let w be t(-10). Let x(y) = -50*y - 49*y + w*y - y**2 + 1. Calculate x(-3).
-17
Let n be 8 - (24/(-20))/(2/(-5)). Suppose -9*m - n*h = -5*m + 3, 0 = -3*m + h + 12. Let s(l) = -l**2 + 4*l - 3. Determine s(m).
0
Let g(f) = -2*f**2 - 2*f + 5. Let k(j) = -384*j**2 - j + 5 + 384*j**2 - 3 - j**3. Let z(u) = -g(u) + 2*k(u). Determine z(-2).
23
Let z(w) = 2*w**2 - 17*w + 6. Let j(c) be the third derivative of -c**5/60 + c**4/3 - c**3/2 - 7*c**2 - 8. Let p(g) = 13*j(g) + 6*z(g). Determine p(2).
-3
Suppose -60 = -6*x - 84. Let l be (2 - 27/36) + 45/x. Let u(c) = 2*c + 18. What is u(l)?
-2
Let o(h) = -3 + 4 + 18220*h**2 - 18222*h**2 + 0 + 7*h. Determine o(5).
-14
Let m(l) = -7*l**2 + 13*l - 6. Suppose 3 = 2*k + 15. Let c(r) = 15*r**2 - 28*r + 13. Let y(f) = k*c(f) - 13*m(f). Calculate y(1).
0
Suppose -1269 = 18*c - 15*c. Let l = -421 - c. Let h(g) = -6*g**2 + g - 2. Give h(l).
-24
Suppose -5*r = -5*n - 25, 0*n + 26 = -4*n - 2*r. Let x(a) = a**3 + 4*a**2 - 12*a. What is x(n)?
0
Let j(f) = 22*f - 10. Suppose 2*i - r + 3 = 0, -9*i + 20*r - 1 = 18*r. What is j(i)?
12
Let i be ((-9)/(-1))/(-209 + 215)*10/3. Let h(u) = u**3 - 3*u**2 - 6*u - 4. Give h(i).
16
Let g(p) = p**3 + 13*p**2 + 36*p + 469. Let c be g(-13). Let s(i) = 60*i**2 + 3*i - 2. Calculate s(c).
61
Let f(g) = -3*g**3 - 9*g**2 - 13*g. Let o(n) = -2*n**3 - 9*n**2 - 12*n - 1. Let y(k) = -3*f(k) + 4*o(k). Suppose -14*h + 103 + 37 = 0. What is y(h)?
6
Let m(f) = -2*f**2 - 11*f - 18. Let b(d) = -d**2 - 6*d - 9. Let n(x) = 5*b(x) - 2*m(x). Suppose 113*w - 156*w - 344 = 0. Give n(w).
-9
Let k(p) = 6*p - 1. Let u(o) = -4*o - 1. Suppose 2*w + 5*n - 28 = 0, -w + 24 = 7*n - 2*n. Let t(f) = w*u(f) + 2*k(f). Suppose 21 = -5*g + 1. What is t(g)?
10
Let c(q) = -2*q + 7. Let l = -30 + 20. Let p(d) = -2*d**3 - 19*d**2 + 9*d - 11. Let x be p(l). Let b be -12 + 9 - 8/x. Determine c(b).
-3
Let w(i) = 1 - 23*i + 2*i**2 + 122*i**3 - 121*i**3 - i**2 + 4*i**2 + 16*i. Let x = -4 - 2. Calculate w(x).
7
Let b(l) be the second derivative of -l**3/3 - 9*l**2/2 + 830*l. Give b(-10).
11
Let b(s) be the second derivative of s**5/20 - 3*s**4/2 - s**3/2 + 15*s**2/2 - 51*s - 3. What is b(18)?
-39
Let b(n) = -n + 1. Let v be (-1)/(-1) + -1 + (-4 - -6). Let a(g) = 13*g + 3 - 9*g + v - 10*g + g**2. Let c(p) = a(p) - 5*b(p). Determine c(1).
0
Let m(i) = -141*i - 230. Let x(l) = 133*l + 1. Let v(k) = -m(k) - x(k). Calculate v(-28).
5
Suppose -l = -0*l - 4. Let b = -10280 + 10292. Let m(v) = 0*v - b*v + 11*v - l. Determine m(-7).
3
Let v(m) be the third derivative of 7*m**5/60 + 17*m**4/12 + m**3/3 - 4*m**2 - 2*m + 29. Determine v(-5).
7
Let w(m) = 5*m**3 + m**2 + 13*m - 4. Let p(n) = -n**3 + n**2 - n + 1. Let x = -130 - -131. Let o(a) = x*w(a) + 6*p(a). What is o(8)?
-6
Let u(x) be the first derivative of 27*x**2/2 + 15*x + 6855. What is u(-5)?
-120
Let r(s) = 1365*s - s**2 - 2725*s - s**3 + 1369*s + 55 - 4*s**2. What is r(-5)?
10
Let g(h) = h**3 - h**2 - h + 5. Suppose 5320 = 19*i + 9*i. Suppose 197*a - i*a = 0. Give g(a).
5
Suppose -2*k + 2*x - 15 = 5*x, -2*x - 10 = 0. Let q(i) = i**3 - i**2 + 2*i - 8. Give q(k).
-8
Suppose -w - 30 = -11*w. Let p(h) = 9*h + 16*h - 24*h + 6*h**3 - 7*h**w. Give p(3).
-24
Let q = 2848 + -2858. Let s(b) = 5*b**2 + b**2 + 10*b - 5*b**2 - 5 - 3. What is s(q)?
-8
Let b(z) be the second derivative of -3*z**3/2 + 25*z**2 + 6056*z. Give b(6).
-4
Let l(t) = t**3 - 6*t**2 + 6*t. Let q be l(5). Suppose f + 2*j + 4 + 2 = 0, f - 14 = 3*j. Let h(s) = -34646*s**2 + 34645*s**2 + s + 5 + f*s. Calculate h(q).
-5
Let j(y) = -2*y**2 - 3*y**2 - 121*y**3 - 7 - 16*y**2 + 122*y**3. What is j(21)?
-7
Let p(a) = 3*a**2 + 62*a + 34. Let k be p(-20). Let u(j) = -7*j + 76 - 73 + j**2 - 3*j**2. Calculate u(k).
-27
Let n(o) be the first derivative of -3*o**3 + 3*o**2 + 15*o + 6270. Give n(-4).
-153
Let s(w) be the second derivative of w**5/20 + 2*w**4/3 + w**3/3 - 14*w**2 + 6*w. What is s(-7)?
7
Suppose 3*o + 3 = 0, -s + 68*o + 5 = 71*o. Let r(w) = 3*w**2 - 23*w + 1. Determine r(s).
9
Let r(x) = x**2 + 1 + 4*x - 10*x - 5. Suppose 46*h - 40*h - 19 - 11 = 0. Give r(h).
-9
Let p(x) = 120*x + 10316. Let o be p(-86). Let c(i) = -4*i**3 - 3*i**2 + 6*i + 1. Determine c(o).
185
Let w(d) = d**2 - 52. Let o be (276 + -282)/((-18)/21 + 1 + -1). Determine w(o).
-3
Suppose o = -2 + 3. Suppose -13*b + 15*b + 3*v - 75 = 0, -5*b - 4*v = -191. Let j(l) = -16*l - 24*l + 0*l**3 - 7*l**3 + l**2 + b*l. Give j(o).
-7
Let v(p) be the third derivative of 0 + 1/24*p**4 + 5/6*p**3 + 3*p - 29*p**2. Give v(-5).
0
Suppose 2550 = -0*p - 144*p - 330. Let s(h) = -h**3 - 21*h**2 - 21*h - 5. What is s(p)?
15
Suppose -1264*j + 1260*j - 20 = 0. Let x(k) = 